{"id":16,"date":"2026-05-09T19:26:13","date_gmt":"2026-05-09T17:26:13","guid":{"rendered":"https:\/\/www.gs-fiwa-sued.de\/?page_id=16"},"modified":"2026-05-09T19:40:32","modified_gmt":"2026-05-09T17:40:32","slug":"aktuelles","status":"publish","type":"page","link":"https:\/\/www.gs-fiwa-sued.de\/?page_id=16","title":{"rendered":"Aktuelles"},"content":{"rendered":"\n\n<h2 class=\"wp-block-heading\">Aktuelles aus der Gartensparte<\/h2>\n\n\n\n<p>Hier k\u00f6nnen aktuelle Meldungen, Hinweise und Neuigkeiten ver\u00f6ffentlicht werden.<\/p>\n\n\n\n<h3 class=\"wp-block-heading\">Neue Gartensaison<\/h3>\n\n\n\n<p>Die neue Gartensaison beginnt. Bitte beachten Sie die Aush\u00e4nge und aktuellen Arbeitseinsatztermine.<\/p>\n\n\n\n<h3 class=\"wp-block-heading\">Wasseranstellung<\/h3>\n\n\n\n<p>Der Termin zur Wasseranstellung wird rechtzeitig bekanntgegeben.<\/p>\n","protected":false},"excerpt":{"rendered":"<p>Aktuelles aus der Gartensparte Hier k\u00f6nnen aktuelle Meldungen, Hinweise und Neuigkeiten ver\u00f6ffentlicht werden. Neue Gartensaison Die neue Gartensaison beginnt. Bitte beachten Sie die Aush\u00e4nge und aktuellen Arbeitseinsatztermine. Wasseranstellung Der Termin zur Wasseranstellung wird rechtzeitig bekanntgegeben.<\/p>\n","protected":false},"author":1,"featured_media":0,"parent":0,"menu_order":0,"comment_status":"closed","ping_status":"closed","template":"page-aktuelles.php","meta":{"footnotes":""},"class_list":["post-16","page","type-page","status-publish","hentry"],"_links":{"self":[{"href":"https:\/\/www.gs-fiwa-sued.de\/index.php?rest_route=\/wp\/v2\/pages\/16","targetHints":{"allow":["GET"]}}],"collection":[{"href":"https:\/\/www.gs-fiwa-sued.de\/index.php?rest_route=\/wp\/v2\/pages"}],"about":[{"href":"https:\/\/www.gs-fiwa-sued.de\/index.php?rest_route=\/wp\/v2\/types\/page"}],"author":[{"embeddable":true,"href":"https:\/\/www.gs-fiwa-sued.de\/index.php?rest_route=\/wp\/v2\/users\/1"}],"replies":[{"embeddable":true,"href":"https:\/\/www.gs-fiwa-sued.de\/index.php?rest_route=%2Fwp%2Fv2%2Fcomments&post=16"}],"version-history":[{"count":1,"href":"https:\/\/www.gs-fiwa-sued.de\/index.php?rest_route=\/wp\/v2\/pages\/16\/revisions"}],"predecessor-version":[{"id":33,"href":"https:\/\/www.gs-fiwa-sued.de\/index.php?rest_route=\/wp\/v2\/pages\/16\/revisions\/33"}],"wp:attachment":[{"href":"https:\/\/www.gs-fiwa-sued.de\/index.php?rest_route=%2Fwp%2Fv2%2Fmedia&parent=16"}],"curies":[{"name":"wp","href":"https:\/\/api.w.org\/{rel}","templated":true}]}}